{"id":6913,"date":"2022-04-04T08:42:48","date_gmt":"2022-04-04T05:42:48","guid":{"rendered":"http:\/\/www.niyoplastik.com\/?page_id=6913"},"modified":"2022-04-04T08:53:21","modified_gmt":"2022-04-04T05:53:21","slug":"cop-kutulari","status":"publish","type":"page","link":"http:\/\/www.niyoplastik.com\/?page_id=6913","title":{"rendered":"\u00c7\u00f6p Kutular\u0131"},"content":{"rendered":"\t\t<div data-elementor-type=\"wp-page\" data-elementor-id=\"6913\" class=\"elementor elementor-6913\">\n\t\t\t\t\t\t\t\t\t<section class=\"elementor-section elementor-top-section elementor-element elementor-element-17bc9d7 elementor-section-boxed elementor-section-height-default elementor-section-height-default\" data-id=\"17bc9d7\" data-element_type=\"section\">\n\t\t\t\t\t\t<div class=\"elementor-container elementor-column-gap-default\">\n\t\t\t\t\t<div class=\"elementor-column elementor-col-100 elementor-top-column elementor-element elementor-element-b904659\" data-id=\"b904659\" data-element_type=\"column\">\n\t\t\t<div class=\"elementor-widget-wrap elementor-element-populated\">\n\t\t\t\t\t\t\t\t<div class=\"elementor-element elementor-element-98f557b elementor-widget elementor-widget-heading\" data-id=\"98f557b\" data-element_type=\"widget\" data-widget_type=\"heading.default\">\n\t\t\t\t<div class=\"elementor-widget-container\">\n\t\t\t<style>\/*! elementor - v3.8.1 - 13-11-2022 *\/\n.elementor-heading-title{padding:0;margin:0;line-height:1}.elementor-widget-heading .elementor-heading-title[class*=elementor-size-]>a{color:inherit;font-size:inherit;line-height:inherit}.elementor-widget-heading .elementor-heading-title.elementor-size-small{font-size:15px}.elementor-widget-heading .elementor-heading-title.elementor-size-medium{font-size:19px}.elementor-widget-heading .elementor-heading-title.elementor-size-large{font-size:29px}.elementor-widget-heading .elementor-heading-title.elementor-size-xl{font-size:39px}.elementor-widget-heading .elementor-heading-title.elementor-size-xxl{font-size:59px}<\/style><h3 class=\"elementor-heading-title elementor-size-default\">50 Litre \u00c7\u00f6p Kutusu<\/h3>\t\t<\/div>\n\t\t\t\t<\/div>\n\t\t\t\t\t<\/div>\n\t\t<\/div>\n\t\t\t\t\t\t\t<\/div>\n\t\t<\/section>\n\t\t\t\t<section class=\"elementor-section elementor-top-section elementor-element elementor-element-b43a6a5 elementor-section-boxed elementor-section-height-default elementor-section-height-default\" data-id=\"b43a6a5\" data-element_type=\"section\">\n\t\t\t\t\t\t<div class=\"elementor-container elementor-column-gap-default\">\n\t\t\t\t\t<div class=\"elementor-column elementor-col-33 elementor-top-column elementor-element elementor-element-ebf09f8\" data-id=\"ebf09f8\" data-element_type=\"column\">\n\t\t\t<div class=\"elementor-widget-wrap elementor-element-populated\">\n\t\t\t\t\t\t\t\t<div class=\"elementor-element elementor-element-0d71d56 elementor-widget elementor-widget-image\" data-id=\"0d71d56\" data-element_type=\"widget\" data-widget_type=\"image.default\">\n\t\t\t\t<div class=\"elementor-widget-container\">\n\t\t\t<style>\/*! elementor - v3.8.1 - 13-11-2022 *\/\n.elementor-widget-image{text-align:center}.elementor-widget-image a{display:inline-block}.elementor-widget-image a img[src$=\".svg\"]{width:48px}.elementor-widget-image img{vertical-align:middle;display:inline-block}<\/style>\t\t\t\t\t\t\t\t\t\t\t\t<img decoding=\"async\" width=\"400\" height=\"586\" src=\"http:\/\/www.niyoplastik.com\/wp-content\/uploads\/2022\/04\/niyo-plastik-cop-kutusu-50-litre-1a.jpg\" class=\"attachment-large size-large\" alt=\"\" loading=\"lazy\" srcset=\"http:\/\/www.niyoplastik.com\/wp-content\/uploads\/2022\/04\/niyo-plastik-cop-kutusu-50-litre-1a.jpg 400w, http:\/\/www.niyoplastik.com\/wp-content\/uploads\/2022\/04\/niyo-plastik-cop-kutusu-50-litre-1a-205x300.jpg 205w\" sizes=\"(max-width: 400px) 100vw, 400px\" \/>\t\t\t\t\t\t\t\t\t\t\t\t\t\t\t<\/div>\n\t\t\t\t<\/div>\n\t\t\t\t\t<\/div>\n\t\t<\/div>\n\t\t\t\t<div class=\"elementor-column elementor-col-33 elementor-top-column elementor-element elementor-element-98697f8\" data-id=\"98697f8\" data-element_type=\"column\">\n\t\t\t<div class=\"elementor-widget-wrap elementor-element-populated\">\n\t\t\t\t\t\t\t\t<div class=\"elementor-element elementor-element-3ed5b12 elementor-widget elementor-widget-image\" data-id=\"3ed5b12\" data-element_type=\"widget\" data-widget_type=\"image.default\">\n\t\t\t\t<div class=\"elementor-widget-container\">\n\t\t\t\t\t\t\t\t\t\t\t\t\t\t\t<img decoding=\"async\" width=\"400\" height=\"586\" src=\"http:\/\/www.niyoplastik.com\/wp-content\/uploads\/2022\/04\/niyo-plastik-cop-kutusu-50-litre-2a.jpg\" class=\"attachment-large size-large\" alt=\"\" loading=\"lazy\" srcset=\"http:\/\/www.niyoplastik.com\/wp-content\/uploads\/2022\/04\/niyo-plastik-cop-kutusu-50-litre-2a.jpg 400w, http:\/\/www.niyoplastik.com\/wp-content\/uploads\/2022\/04\/niyo-plastik-cop-kutusu-50-litre-2a-205x300.jpg 205w\" sizes=\"(max-width: 400px) 100vw, 400px\" \/>\t\t\t\t\t\t\t\t\t\t\t\t\t\t\t<\/div>\n\t\t\t\t<\/div>\n\t\t\t\t\t<\/div>\n\t\t<\/div>\n\t\t\t\t<div class=\"elementor-column elementor-col-33 elementor-top-column elementor-element elementor-element-d0d19d4\" data-id=\"d0d19d4\" data-element_type=\"column\">\n\t\t\t<div class=\"elementor-widget-wrap elementor-element-populated\">\n\t\t\t\t\t\t\t\t<div class=\"elementor-element elementor-element-49d4ef8 elementor-widget elementor-widget-image\" data-id=\"49d4ef8\" data-element_type=\"widget\" data-widget_type=\"image.default\">\n\t\t\t\t<div class=\"elementor-widget-container\">\n\t\t\t\t\t\t\t\t\t\t\t\t\t\t\t<img decoding=\"async\" width=\"400\" height=\"586\" src=\"http:\/\/www.niyoplastik.com\/wp-content\/uploads\/2022\/04\/niyo-plastik-cop-kutusu-50-litre-3a.jpg\" class=\"attachment-large size-large\" alt=\"\" loading=\"lazy\" srcset=\"http:\/\/www.niyoplastik.com\/wp-content\/uploads\/2022\/04\/niyo-plastik-cop-kutusu-50-litre-3a.jpg 400w, http:\/\/www.niyoplastik.com\/wp-content\/uploads\/2022\/04\/niyo-plastik-cop-kutusu-50-litre-3a-205x300.jpg 205w\" sizes=\"(max-width: 400px) 100vw, 400px\" \/>\t\t\t\t\t\t\t\t\t\t\t\t\t\t\t<\/div>\n\t\t\t\t<\/div>\n\t\t\t\t\t<\/div>\n\t\t<\/div>\n\t\t\t\t\t\t\t<\/div>\n\t\t<\/section>\n\t\t\t\t<section class=\"elementor-section elementor-top-section elementor-element elementor-element-ed59b0f elementor-section-boxed elementor-section-height-default elementor-section-height-default\" data-id=\"ed59b0f\" data-element_type=\"section\">\n\t\t\t\t\t\t<div class=\"elementor-container elementor-column-gap-default\">\n\t\t\t\t\t<div class=\"elementor-column elementor-col-100 elementor-top-column elementor-element elementor-element-af0a3f7\" data-id=\"af0a3f7\" data-element_type=\"column\">\n\t\t\t<div class=\"elementor-widget-wrap elementor-element-populated\">\n\t\t\t\t\t\t\t\t<div class=\"elementor-element elementor-element-a128da4 elementor-widget elementor-widget-spacer\" data-id=\"a128da4\" data-element_type=\"widget\" data-widget_type=\"spacer.default\">\n\t\t\t\t<div class=\"elementor-widget-container\">\n\t\t\t<style>\/*! elementor - v3.8.1 - 13-11-2022 *\/\n.elementor-column .elementor-spacer-inner{height:var(--spacer-size)}.e-con{--container-widget-width:100%}.e-con-inner>.elementor-widget-spacer,.e-con>.elementor-widget-spacer{width:var(--container-widget-width,var(--spacer-size));-ms-flex-item-align:stretch;align-self:stretch;-ms-flex-negative:0;flex-shrink:0}.e-con-inner>.elementor-widget-spacer>.elementor-widget-container,.e-con-inner>.elementor-widget-spacer>.elementor-widget-container>.elementor-spacer,.e-con>.elementor-widget-spacer>.elementor-widget-container,.e-con>.elementor-widget-spacer>.elementor-widget-container>.elementor-spacer{height:100%}.e-con-inner>.elementor-widget-spacer>.elementor-widget-container>.elementor-spacer>.elementor-spacer-inner,.e-con>.elementor-widget-spacer>.elementor-widget-container>.elementor-spacer>.elementor-spacer-inner{height:var(--container-widget-height,var(--spacer-size))}<\/style>\t\t<div class=\"elementor-spacer\">\n\t\t\t<div class=\"elementor-spacer-inner\"><\/div>\n\t\t<\/div>\n\t\t\t\t<\/div>\n\t\t\t\t<\/div>\n\t\t\t\t\t<\/div>\n\t\t<\/div>\n\t\t\t\t\t\t\t<\/div>\n\t\t<\/section>\n\t\t\t\t<section class=\"elementor-section elementor-top-section elementor-element elementor-element-ec57fee elementor-section-boxed elementor-section-height-default elementor-section-height-default\" data-id=\"ec57fee\" data-element_type=\"section\">\n\t\t\t\t\t\t<div class=\"elementor-container elementor-column-gap-default\">\n\t\t\t\t\t<div class=\"elementor-column elementor-col-100 elementor-top-column elementor-element elementor-element-e34d7d5\" data-id=\"e34d7d5\" data-element_type=\"column\">\n\t\t\t<div class=\"elementor-widget-wrap elementor-element-populated\">\n\t\t\t\t\t\t\t\t<div class=\"elementor-element elementor-element-9b90aa3 elementor-widget elementor-widget-heading\" data-id=\"9b90aa3\" data-element_type=\"widget\" data-widget_type=\"heading.default\">\n\t\t\t\t<div class=\"elementor-widget-container\">\n\t\t\t<h3 class=\"elementor-heading-title elementor-size-default\">60 Litre Direk Tipi \u00c7\u00f6p Kutusu<\/h3>\t\t<\/div>\n\t\t\t\t<\/div>\n\t\t\t\t\t<\/div>\n\t\t<\/div>\n\t\t\t\t\t\t\t<\/div>\n\t\t<\/section>\n\t\t\t\t<section class=\"elementor-section elementor-top-section elementor-element elementor-element-4f5798a elementor-section-boxed elementor-section-height-default elementor-section-height-default\" data-id=\"4f5798a\" data-element_type=\"section\">\n\t\t\t\t\t\t<div class=\"elementor-container elementor-column-gap-default\">\n\t\t\t\t\t<div class=\"elementor-column elementor-col-100 elementor-top-column elementor-element elementor-element-1d77dd9\" data-id=\"1d77dd9\" data-element_type=\"column\">\n\t\t\t<div class=\"elementor-widget-wrap elementor-element-populated\">\n\t\t\t\t\t\t\t\t<div class=\"elementor-element elementor-element-416834a elementor-widget elementor-widget-text-editor\" data-id=\"416834a\" data-element_type=\"widget\" data-widget_type=\"text-editor.default\">\n\t\t\t\t<div class=\"elementor-widget-container\">\n\t\t\t<style>\/*! elementor - v3.8.1 - 13-11-2022 *\/\n.elementor-widget-text-editor.elementor-drop-cap-view-stacked .elementor-drop-cap{background-color:#818a91;color:#fff}.elementor-widget-text-editor.elementor-drop-cap-view-framed .elementor-drop-cap{color:#818a91;border:3px solid;background-color:transparent}.elementor-widget-text-editor:not(.elementor-drop-cap-view-default) .elementor-drop-cap{margin-top:8px}.elementor-widget-text-editor:not(.elementor-drop-cap-view-default) .elementor-drop-cap-letter{width:1em;height:1em}.elementor-widget-text-editor .elementor-drop-cap{float:left;text-align:center;line-height:1;font-size:50px}.elementor-widget-text-editor .elementor-drop-cap-letter{display:inline-block}<\/style>\t\t\t\t<p><strong>\u00d6zellikleri<\/strong><\/p>\n<p>60 litrelik direk tipi asma \u00e7\u00f6p kutusu \u00fcretiminde kullan\u0131lan hammadde s\u0131cakl\u0131\u011fa ve so\u011fuklu\u011fa, g\u00fcne\u015f \u0131\u015f\u0131\u011f\u0131na, asit ve benzeri maddelere dayan\u0131kl\u0131\u011fa ve geri d\u00f6n\u00fc\u015ft\u00fcr\u00fclebilen \u00f6zelliklere sahiptir.<\/p>\n<p>Kullan\u0131lan hammadde g\u00fcne\u015f \u0131\u015f\u0131\u011f\u0131na, s\u0131ca\u011fa ve so\u011fu\u011fa dayan\u0131kl\u0131d\u0131r.<\/p>\n<p>\u0130ste\u011fe ba\u011fl\u0131 olarak manyetik kilit sistemi ilave edilebilmektedir.<\/p>\n<p>Her t\u00fcrl\u00fc dire\u011fe ba\u011flanabilir.<\/p>\n<p>Geri d\u00f6n\u00fc\u015ft\u00fcr\u00fclebilen maddeden \u00fcretilmi\u015ftir.<\/p>\n<p>Rahatl\u0131kla a\u00e7\u0131l\u0131p bo\u015falt\u0131labilir.<\/p>\n\t\t\t\t\t\t<\/div>\n\t\t\t\t<\/div>\n\t\t\t\t\t<\/div>\n\t\t<\/div>\n\t\t\t\t\t\t\t<\/div>\n\t\t<\/section>\n\t\t\t\t<section class=\"elementor-section elementor-top-section elementor-element elementor-element-422e2f2 elementor-section-boxed elementor-section-height-default elementor-section-height-default\" data-id=\"422e2f2\" data-element_type=\"section\">\n\t\t\t\t\t\t<div class=\"elementor-container elementor-column-gap-default\">\n\t\t\t\t\t<div class=\"elementor-column elementor-col-50 elementor-top-column elementor-element elementor-element-8c780a1\" data-id=\"8c780a1\" data-element_type=\"column\">\n\t\t\t<div class=\"elementor-widget-wrap elementor-element-populated\">\n\t\t\t\t\t\t\t\t<div class=\"elementor-element elementor-element-de66c0b elementor-widget elementor-widget-image\" data-id=\"de66c0b\" data-element_type=\"widget\" data-widget_type=\"image.default\">\n\t\t\t\t<div class=\"elementor-widget-container\">\n\t\t\t\t\t\t\t\t\t\t\t\t\t\t\t<img decoding=\"async\" width=\"270\" height=\"575\" src=\"http:\/\/www.niyoplastik.com\/wp-content\/uploads\/2022\/04\/niyo-plastik-asma-cop-kutusu-60-litre1.jpg\" class=\"attachment-large size-large\" alt=\"\" loading=\"lazy\" srcset=\"http:\/\/www.niyoplastik.com\/wp-content\/uploads\/2022\/04\/niyo-plastik-asma-cop-kutusu-60-litre1.jpg 270w, http:\/\/www.niyoplastik.com\/wp-content\/uploads\/2022\/04\/niyo-plastik-asma-cop-kutusu-60-litre1-141x300.jpg 141w\" sizes=\"(max-width: 270px) 100vw, 270px\" \/>\t\t\t\t\t\t\t\t\t\t\t\t\t\t\t<\/div>\n\t\t\t\t<\/div>\n\t\t\t\t\t<\/div>\n\t\t<\/div>\n\t\t\t\t<div class=\"elementor-column elementor-col-50 elementor-top-column elementor-element elementor-element-11bf03b\" data-id=\"11bf03b\" data-element_type=\"column\">\n\t\t\t<div class=\"elementor-widget-wrap elementor-element-populated\">\n\t\t\t\t\t\t\t\t<div class=\"elementor-element elementor-element-9cd007f elementor-widget elementor-widget-image\" data-id=\"9cd007f\" data-element_type=\"widget\" data-widget_type=\"image.default\">\n\t\t\t\t<div class=\"elementor-widget-container\">\n\t\t\t\t\t\t\t\t\t\t\t\t\t\t\t<img decoding=\"async\" width=\"440\" height=\"305\" src=\"http:\/\/www.niyoplastik.com\/wp-content\/uploads\/2022\/04\/niyo-plastik-asma-cop-kutusu-olculer-60-litre.jpg\" class=\"attachment-large size-large\" alt=\"\" loading=\"lazy\" srcset=\"http:\/\/www.niyoplastik.com\/wp-content\/uploads\/2022\/04\/niyo-plastik-asma-cop-kutusu-olculer-60-litre.jpg 440w, http:\/\/www.niyoplastik.com\/wp-content\/uploads\/2022\/04\/niyo-plastik-asma-cop-kutusu-olculer-60-litre-300x208.jpg 300w\" sizes=\"(max-width: 440px) 100vw, 440px\" \/>\t\t\t\t\t\t\t\t\t\t\t\t\t\t\t<\/div>\n\t\t\t\t<\/div>\n\t\t\t\t<div class=\"elementor-element elementor-element-6c5383e elementor-widget elementor-widget-image\" data-id=\"6c5383e\" data-element_type=\"widget\" data-widget_type=\"image.default\">\n\t\t\t\t<div class=\"elementor-widget-container\">\n\t\t\t\t\t\t\t\t\t\t\t\t\t\t\t<img decoding=\"async\" width=\"324\" height=\"129\" src=\"http:\/\/www.niyoplastik.com\/wp-content\/uploads\/2022\/04\/renkler.jpg\" class=\"attachment-large size-large\" alt=\"\" loading=\"lazy\" srcset=\"http:\/\/www.niyoplastik.com\/wp-content\/uploads\/2022\/04\/renkler.jpg 324w, http:\/\/www.niyoplastik.com\/wp-content\/uploads\/2022\/04\/renkler-300x119.jpg 300w\" sizes=\"(max-width: 324px) 100vw, 324px\" \/>\t\t\t\t\t\t\t\t\t\t\t\t\t\t\t<\/div>\n\t\t\t\t<\/div>\n\t\t\t\t\t<\/div>\n\t\t<\/div>\n\t\t\t\t\t\t\t<\/div>\n\t\t<\/section>\n\t\t\t\t<section class=\"elementor-section elementor-top-section elementor-element elementor-element-4a64dfc elementor-section-boxed elementor-section-height-default elementor-section-height-default\" data-id=\"4a64dfc\" data-element_type=\"section\">\n\t\t\t\t\t\t<div class=\"elementor-container elementor-column-gap-default\">\n\t\t\t\t\t<div class=\"elementor-column elementor-col-100 elementor-top-column elementor-element elementor-element-6b2e3b5\" data-id=\"6b2e3b5\" data-element_type=\"column\">\n\t\t\t<div class=\"elementor-widget-wrap elementor-element-populated\">\n\t\t\t\t\t\t\t\t<div class=\"elementor-element elementor-element-b5f51ca elementor-widget elementor-widget-spacer\" data-id=\"b5f51ca\" data-element_type=\"widget\" data-widget_type=\"spacer.default\">\n\t\t\t\t<div class=\"elementor-widget-container\">\n\t\t\t\t\t<div class=\"elementor-spacer\">\n\t\t\t<div class=\"elementor-spacer-inner\"><\/div>\n\t\t<\/div>\n\t\t\t\t<\/div>\n\t\t\t\t<\/div>\n\t\t\t\t<div class=\"elementor-element elementor-element-d2f30e0 elementor-widget elementor-widget-heading\" data-id=\"d2f30e0\" data-element_type=\"widget\" data-widget_type=\"heading.default\">\n\t\t\t\t<div class=\"elementor-widget-container\">\n\t\t\t<h3 class=\"elementor-heading-title elementor-size-default\">70 Litre Mobil \u00c7\u00f6p Kutusu<\/h3>\t\t<\/div>\n\t\t\t\t<\/div>\n\t\t\t\t\t<\/div>\n\t\t<\/div>\n\t\t\t\t\t\t\t<\/div>\n\t\t<\/section>\n\t\t\t\t<section class=\"elementor-section elementor-top-section elementor-element elementor-element-73048a9 elementor-section-boxed elementor-section-height-default elementor-section-height-default\" data-id=\"73048a9\" data-element_type=\"section\">\n\t\t\t\t\t\t<div class=\"elementor-container elementor-column-gap-default\">\n\t\t\t\t\t<div class=\"elementor-column elementor-col-100 elementor-top-column elementor-element elementor-element-fbd804b\" data-id=\"fbd804b\" data-element_type=\"column\">\n\t\t\t<div class=\"elementor-widget-wrap elementor-element-populated\">\n\t\t\t\t\t\t\t\t<div class=\"elementor-element elementor-element-90868f1 elementor-widget elementor-widget-text-editor\" data-id=\"90868f1\" data-element_type=\"widget\" data-widget_type=\"text-editor.default\">\n\t\t\t\t<div class=\"elementor-widget-container\">\n\t\t\t\t\t\t\t<p><strong>\u00d6zellikleri<\/strong><\/p>\n<p>Kullan\u0131lan hammadde g\u00fcne\u015f \u0131\u015f\u0131\u011f\u0131na, s\u0131ca\u011fa ve so\u011fu\u011fa dayan\u0131kl\u0131d\u0131r.<\/p>\n<p>\u00dcr\u00fcnler i\u00e7 i\u00e7e ge\u00e7ebilme \u00f6zelli\u011fine sahiptir.<\/p>\n<p>Geri d\u00f6n\u00fc\u015f\u00fcm kutular\u0131 iste\u011fe g\u00f6re; tekli, 2&#8217;li, 3&#8217;l\u00fc, 5&#8217;li ve 6&#8217;l\u0131 olarak konulabilmektedir.<\/p>\n<p>\u0130stek \u00fczerine 80 litre \u00fczeri \u00fcr\u00fcnlerimize Pedal uygulanabilmektedir.<\/p>\n<p>S\u0131f\u0131r At\u0131k kutular\u0131m\u0131zda iste\u011fe ba\u011fl\u0131 a\u00e7\u0131k ve sallanan kapak se\u00e7imi mevcuttur.<\/p>\n<p>\u00dcr\u00fcnlerimiz ikili, \u00fc\u00e7l\u00fc, d\u00f6rtl\u00fc set halinde montajlanabilmektedir.<\/p>\n<p>Detayl\u0131 bilgi i\u00e7in l\u00fctfen ileti\u015fime ge\u00e7iniz.<\/p>\n\t\t\t\t\t\t<\/div>\n\t\t\t\t<\/div>\n\t\t\t\t\t<\/div>\n\t\t<\/div>\n\t\t\t\t\t\t\t<\/div>\n\t\t<\/section>\n\t\t\t\t<section class=\"elementor-section elementor-top-section elementor-element elementor-element-7d8d5bb elementor-section-boxed elementor-section-height-default elementor-section-height-default\" data-id=\"7d8d5bb\" data-element_type=\"section\">\n\t\t\t\t\t\t<div class=\"elementor-container elementor-column-gap-default\">\n\t\t\t\t\t<div class=\"elementor-column elementor-col-50 elementor-top-column elementor-element elementor-element-354383b\" data-id=\"354383b\" data-element_type=\"column\">\n\t\t\t<div class=\"elementor-widget-wrap elementor-element-populated\">\n\t\t\t\t\t\t\t\t<div class=\"elementor-element elementor-element-5a9a9a2 elementor-widget elementor-widget-image\" data-id=\"5a9a9a2\" data-element_type=\"widget\" data-widget_type=\"image.default\">\n\t\t\t\t<div class=\"elementor-widget-container\">\n\t\t\t\t\t\t\t\t\t\t\t\t\t\t\t<img decoding=\"async\" width=\"324\" height=\"129\" src=\"http:\/\/www.niyoplastik.com\/wp-content\/uploads\/2022\/04\/renkler-1.jpg\" class=\"attachment-large size-large\" alt=\"\" loading=\"lazy\" srcset=\"http:\/\/www.niyoplastik.com\/wp-content\/uploads\/2022\/04\/renkler-1.jpg 324w, http:\/\/www.niyoplastik.com\/wp-content\/uploads\/2022\/04\/renkler-1-300x119.jpg 300w\" sizes=\"(max-width: 324px) 100vw, 324px\" \/>\t\t\t\t\t\t\t\t\t\t\t\t\t\t\t<\/div>\n\t\t\t\t<\/div>\n\t\t\t\t\t<\/div>\n\t\t<\/div>\n\t\t\t\t<div class=\"elementor-column elementor-col-50 elementor-top-column elementor-element elementor-element-172b6eb\" data-id=\"172b6eb\" data-element_type=\"column\">\n\t\t\t<div class=\"elementor-widget-wrap elementor-element-populated\">\n\t\t\t\t\t\t\t\t<div class=\"elementor-element elementor-element-8fe751b elementor-widget elementor-widget-image\" data-id=\"8fe751b\" data-element_type=\"widget\" data-widget_type=\"image.default\">\n\t\t\t\t<div class=\"elementor-widget-container\">\n\t\t\t\t\t\t\t\t\t\t\t\t\t\t\t<img decoding=\"async\" width=\"440\" height=\"191\" src=\"http:\/\/www.niyoplastik.com\/wp-content\/uploads\/2022\/04\/niyo-plastik-cop-kutusu-olculer-70-litre.jpg\" class=\"attachment-large size-large\" alt=\"\" loading=\"lazy\" srcset=\"http:\/\/www.niyoplastik.com\/wp-content\/uploads\/2022\/04\/niyo-plastik-cop-kutusu-olculer-70-litre.jpg 440w, http:\/\/www.niyoplastik.com\/wp-content\/uploads\/2022\/04\/niyo-plastik-cop-kutusu-olculer-70-litre-300x130.jpg 300w\" sizes=\"(max-width: 440px) 100vw, 440px\" \/>\t\t\t\t\t\t\t\t\t\t\t\t\t\t\t<\/div>\n\t\t\t\t<\/div>\n\t\t\t\t\t<\/div>\n\t\t<\/div>\n\t\t\t\t\t\t\t<\/div>\n\t\t<\/section>\n\t\t\t\t\t\t\t<\/div>\n\t\t","protected":false},"excerpt":{"rendered":"<p>50 Litre \u00c7\u00f6p Kutusu 60 Litre Direk Tipi \u00c7\u00f6p Kutusu \u00d6zellikleri 60 litrelik direk tipi asma \u00e7\u00f6p kutusu \u00fcretiminde kullan\u0131lan hammadde s\u0131cakl\u0131\u011fa ve so\u011fuklu\u011fa, g\u00fcne\u015f \u0131\u015f\u0131\u011f\u0131na, asit ve benzeri maddelere dayan\u0131kl\u0131\u011fa ve geri d\u00f6n\u00fc\u015ft\u00fcr\u00fclebilen \u00f6zelliklere sahiptir. Kullan\u0131lan hammadde g\u00fcne\u015f \u0131\u015f\u0131\u011f\u0131na, s\u0131ca\u011fa ve so\u011fu\u011fa dayan\u0131kl\u0131d\u0131r. \u0130ste\u011fe ba\u011fl\u0131 olarak manyetik kilit sistemi ilave edilebilmektedir. Her t\u00fcrl\u00fc dire\u011fe<\/p>\n","protected":false},"author":1,"featured_media":0,"parent":0,"menu_order":0,"comment_status":"closed","ping_status":"closed","template":"","meta":[],"_links":{"self":[{"href":"http:\/\/www.niyoplastik.com\/index.php?rest_route=\/wp\/v2\/pages\/6913"}],"collection":[{"href":"http:\/\/www.niyoplastik.com\/index.php?rest_route=\/wp\/v2\/pages"}],"about":[{"href":"http:\/\/www.niyoplastik.com\/index.php?rest_route=\/wp\/v2\/types\/page"}],"author":[{"embeddable":true,"href":"http:\/\/www.niyoplastik.com\/index.php?rest_route=\/wp\/v2\/users\/1"}],"replies":[{"embeddable":true,"href":"http:\/\/www.niyoplastik.com\/index.php?rest_route=%2Fwp%2Fv2%2Fcomments&post=6913"}],"version-history":[{"count":4,"href":"http:\/\/www.niyoplastik.com\/index.php?rest_route=\/wp\/v2\/pages\/6913\/revisions"}],"predecessor-version":[{"id":6925,"href":"http:\/\/www.niyoplastik.com\/index.php?rest_route=\/wp\/v2\/pages\/6913\/revisions\/6925"}],"wp:attachment":[{"href":"http:\/\/www.niyoplastik.com\/index.php?rest_route=%2Fwp%2Fv2%2Fmedia&parent=6913"}],"curies":[{"name":"wp","href":"https:\/\/api.w.org\/{rel}","templated":true}]}}